[INFO] cloning repository https://github.com/scirner22/cloudwrap
[INFO] running `Command { std: "git" "-c" "credential.helper=" "-c" "credential.helper=/workspace/cargo-home/bin/git-credential-null" "clone" "--bare" "https://github.com/scirner22/cloudwrap" "/workspace/cache/git-repos/https%3A%2F%2Fgithub.com%2Fscirner22%2Fcloudwrap", kill_on_drop: false }`
[INFO] [stderr] Cloning into bare repository '/workspace/cache/git-repos/https%3A%2F%2Fgithub.com%2Fscirner22%2Fcloudwrap'...
[INFO] running `Command { std: "git" "rev-parse" "HEAD", kill_on_drop: false }`
[INFO] [stdout] a4908c12259d4e0ca49997dcf43377210a15044c
[INFO] checking scirner22/cloudwrap against master#cfbc6d4cf1acbac5c025acf8ed68929caa551df3 for pr-75494-beta
[INFO] running `Command { std: "git" "clone" "/workspace/cache/git-repos/https%3A%2F%2Fgithub.com%2Fscirner22%2Fcloudwrap" "/workspace/builds/worker-9/source", kill_on_drop: false }`
[INFO] [stderr] Cloning into '/workspace/builds/worker-9/source'...
[INFO] [stderr] done.
[INFO] validating manifest of git repo https://github.com/scirner22/cloudwrap on toolchain cfbc6d4cf1acbac5c025acf8ed68929caa551df3
[INFO] running `Command { std: "/workspace/cargo-home/bin/cargo" "+cfbc6d4cf1acbac5c025acf8ed68929caa551df3" "read-manifest" "--manifest-path" "Cargo.toml", kill_on_drop: false }`
[INFO] started tweaking git repo https://github.com/scirner22/cloudwrap
[INFO] finished tweaking git repo https://github.com/scirner22/cloudwrap
[INFO] tweaked toml for git repo https://github.com/scirner22/cloudwrap written to /workspace/builds/worker-9/source/Cargo.toml
[INFO] crate git repo https://github.com/scirner22/cloudwrap already has a lockfile, it will not be regenerated
[INFO] running `Command { std: "/workspace/cargo-home/bin/cargo" "+cfbc6d4cf1acbac5c025acf8ed68929caa551df3" "fetch" "--locked" "--manifest-path" "Cargo.toml", kill_on_drop: false }`
[INFO] [stderr]     Updating git repository `https://github.com/rusoto/rusoto`
[INFO] [stderr]     Updating git submodule `https://github.com/boto/botocore.git`
[INFO] [stderr] error: the lock file /workspace/builds/worker-9/source/Cargo.lock needs to be updated but --locked was passed to prevent this
[INFO] [stderr] If you want to try to generate the lock file without accessing the network, use the --offline flag.
[INFO] the lockfile is outdated, regenerating it
[INFO] running `Command { std: "/workspace/cargo-home/bin/cargo" "+cfbc6d4cf1acbac5c025acf8ed68929caa551df3" "generate-lockfile" "--manifest-path" "Cargo.toml" "-Zno-index-update", kill_on_drop: false }`
[INFO] [stderr]     Blocking waiting for file lock on package cache
[INFO] [stderr]     Updating git repository `https://github.com/rusoto/rusoto`
[INFO] [stderr]     Updating git submodule `https://github.com/boto/botocore.git`
[INFO] running `Command { std: "/workspace/cargo-home/bin/cargo" "+cfbc6d4cf1acbac5c025acf8ed68929caa551df3" "fetch" "--locked" "--manifest-path" "Cargo.toml", kill_on_drop: false }`
[INFO] [stderr]     Blocking waiting for file lock on package cache
[INFO] [stderr]     Blocking waiting for file lock on package cache
[INFO] running `Command { std: "docker" "create" "-v" "/var/lib/crater-agent-workspace/builds/worker-9/target:/opt/rustwide/target:rw,Z" "-v" "/var/lib/crater-agent-workspace/builds/worker-9/source:/opt/rustwide/workdir:ro,Z" "-v" "/var/lib/crater-agent-workspace/cargo-home:/opt/rustwide/cargo-home:ro,Z" "-v" "/var/lib/crater-agent-workspace/rustup-home:/opt/rustwide/rustup-home:ro,Z" "-e" "SOURCE_DIR=/opt/rustwide/workdir" "-e" "CARGO_TARGET_DIR=/opt/rustwide/target" "-e" "CARGO_HOME=/opt/rustwide/cargo-home" "-e" "RUSTUP_HOME=/opt/rustwide/rustup-home" "-w" "/opt/rustwide/workdir" "-m" "1610612736" "--user" "0:0" "--network" "none" "rustops/crates-build-env@sha256:a636fd89d022f18117e1dc8fb37a0a009933cdbbe082814857f0e2024962d47c" "/opt/rustwide/cargo-home/bin/cargo" "+cfbc6d4cf1acbac5c025acf8ed68929caa551df3" "metadata" "--no-deps" "--format-version=1", kill_on_drop: false }`
[INFO] [stdout] 3cb299829eece3c29297e82b26777095b0ee1888ec5f3318ca95f34346fa9ab8
[INFO] [stderr] WARNING: Your kernel does not support swap limit capabilities or the cgroup is not mounted. Memory limited without swap.
[INFO] running `Command { std: "docker" "start" "-a" "3cb299829eece3c29297e82b26777095b0ee1888ec5f3318ca95f34346fa9ab8", kill_on_drop: false }`
[INFO] running `Command { std: "docker" "inspect" "3cb299829eece3c29297e82b26777095b0ee1888ec5f3318ca95f34346fa9ab8", kill_on_drop: false }`
[INFO] running `Command { std: "docker" "rm" "-f" "3cb299829eece3c29297e82b26777095b0ee1888ec5f3318ca95f34346fa9ab8", kill_on_drop: false }`
[INFO] [stdout] 3cb299829eece3c29297e82b26777095b0ee1888ec5f3318ca95f34346fa9ab8
[INFO] running `Command { std: "docker" "create" "-v" "/var/lib/crater-agent-workspace/builds/worker-9/target:/opt/rustwide/target:rw,Z" "-v" "/var/lib/crater-agent-workspace/builds/worker-9/source:/opt/rustwide/workdir:ro,Z" "-v" "/var/lib/crater-agent-workspace/cargo-home:/opt/rustwide/cargo-home:ro,Z" "-v" "/var/lib/crater-agent-workspace/rustup-home:/opt/rustwide/rustup-home:ro,Z" "-e" "SOURCE_DIR=/opt/rustwide/workdir" "-e" "CARGO_TARGET_DIR=/opt/rustwide/target" "-e" "CARGO_INCREMENTAL=0" "-e" "RUST_BACKTRACE=full" "-e" "RUSTFLAGS=--cap-lints=forbid" "-e" "CARGO_HOME=/opt/rustwide/cargo-home" "-e" "RUSTUP_HOME=/opt/rustwide/rustup-home" "-w" "/opt/rustwide/workdir" "-m" "1610612736" "--user" "0:0" "--network" "none" "rustops/crates-build-env@sha256:a636fd89d022f18117e1dc8fb37a0a009933cdbbe082814857f0e2024962d47c" "/opt/rustwide/cargo-home/bin/cargo" "+cfbc6d4cf1acbac5c025acf8ed68929caa551df3" "check" "--frozen" "--all" "--all-targets" "--message-format=json", kill_on_drop: false }`
[INFO] [stdout] 3e5c86f02f029570dfd1ec2cb80866ff6238dbbe79e8e152c32503fcc2c4925d
[INFO] [stderr] WARNING: Your kernel does not support swap limit capabilities or the cgroup is not mounted. Memory limited without swap.
[INFO] running `Command { std: "docker" "start" "-a" "3e5c86f02f029570dfd1ec2cb80866ff6238dbbe79e8e152c32503fcc2c4925d", kill_on_drop: false }`
[INFO] [stderr]    Compiling libc v0.2.76
[INFO] [stderr]     Checking cfg-if v0.1.10
[INFO] [stderr]    Compiling memchr v2.3.3
[INFO] [stderr]     Checking lazy_static v1.4.0
[INFO] [stderr]     Checking slab v0.4.2
[INFO] [stderr]     Checking futures-core v0.3.5
[INFO] [stderr]     Checking futures-sink v0.3.5
[INFO] [stderr]    Compiling cc v1.0.59
[INFO] [stderr]    Compiling bitflags v1.2.1
[INFO] [stderr]     Checking pin-utils v0.1.0
[INFO] [stderr]     Checking futures-io v0.3.5
[INFO] [stderr]    Compiling httparse v1.3.4
[INFO] [stderr]     Checking foreign-types-shared v0.1.1
[INFO] [stderr]     Checking try-lock v0.2.3
[INFO] [stderr]    Compiling semver-parser v0.7.0
[INFO] [stderr]    Compiling native-tls v0.2.4
[INFO] [stderr]     Checking tower-service v0.3.0
[INFO] [stderr]     Checking openssl-probe v0.1.2
[INFO] [stderr]     Checking cpuid-bool v0.1.2
[INFO] [stderr]    Compiling crc32fast v1.2.0
[INFO] [stderr]     Checking percent-encoding v2.1.0
[INFO] [stderr]     Checking rustc-serialize v0.3.24
[INFO] [stderr]     Checking void v1.0.2
[INFO] [stderr]     Checking strsim v0.8.0
[INFO] [stderr]     Checking ansi_term v0.11.0
[INFO] [stderr]     Checking term v0.4.6
[INFO] [stderr]     Checking encode_unicode v0.3.6
[INFO] [stderr]     Checking yaml-rust v0.3.5
[INFO] [stderr]    Compiling generic-array v0.14.4
[INFO] [stderr]    Compiling hashbrown v0.8.2
[INFO] [stderr]    Compiling indexmap v1.5.1
[INFO] [stderr]    Compiling standback v0.2.10
[INFO] [stderr]    Compiling num-traits v0.2.12
[INFO] [stderr]    Compiling num-integer v0.1.43
[INFO] [stderr]    Compiling time v0.2.16
[INFO] [stderr]     Checking http v0.2.1
[INFO] [stderr]     Checking foreign-types v0.3.2
[INFO] [stderr]     Checking tracing-core v0.1.15
[INFO] [stderr]     Checking thread_local v1.0.1
[INFO] [stderr]     Checking futures-channel v0.3.5
[INFO] [stderr]    Compiling proc-macro2 v1.0.19
[INFO] [stderr]    Compiling semver v0.9.0
[INFO] [stderr]     Checking log v0.4.11
[INFO] [stderr]     Checking want v0.3.0
[INFO] [stderr]     Checking tracing v0.1.19
[INFO] [stderr]    Compiling rustc_version v0.2.3
[INFO] [stderr]     Checking aho-corasick v0.7.13
[INFO] [stderr]    Compiling quote v1.0.7
[INFO] [stderr]    Compiling openssl-sys v0.9.58
[INFO] [stderr]    Compiling rusoto_core v0.45.0 (https://github.com/rusoto/rusoto#e54bc467)
[INFO] [stderr]    Compiling syn v1.0.39
[INFO] [stderr]     Checking digest v0.9.0
[INFO] [stderr]     Checking block-buffer v0.9.0
[INFO] [stderr]     Checking crypto-mac v0.8.0
[INFO] [stderr]     Checking hmac v0.8.1
[INFO] [stderr]     Checking sha2 v0.9.1
[INFO] [stderr]    Compiling openssl v0.10.30
[INFO] [stderr]     Checking regex v1.3.9
[INFO] [stderr]     Checking net2 v0.2.34
[INFO] [stderr]     Checking iovec v0.1.4
[INFO] [stderr]     Checking signal-hook-registry v1.2.1
[INFO] [stderr]     Checking time v0.1.43
[INFO] [stderr]     Checking socket2 v0.3.12
[INFO] [stderr]     Checking dirs-sys v0.3.5
[INFO] [stderr]     Checking memchr v1.0.2
[INFO] [stderr]     Checking atty v0.2.14
[INFO] [stderr]     Checking nix v0.17.0
[INFO] [stderr]     Checking http-body v0.3.1
[INFO] [stderr]     Checking clap v2.33.3
[INFO] [stderr]     Checking csv v0.15.0
[INFO] [stderr]     Checking dirs v2.0.2
[INFO] [stderr]     Checking mio v0.6.22
[INFO] [stderr]     Checking prettytable-rs v0.6.7
[INFO] [stderr]     Checking mio-uds v0.6.8
[INFO] [stderr]     Checking ctrlc v3.1.6
[INFO] [stderr]    Compiling pin-project-internal v0.4.23
[INFO] [stderr]    Compiling futures-macro v0.3.5
[INFO] [stderr]    Compiling tokio-macros v0.2.5
[INFO] [stderr]    Compiling serde_derive v1.0.115
[INFO] [stderr]    Compiling time-macros-impl v0.1.1
[INFO] [stderr]    Compiling async-trait v0.1.38
[INFO] [stderr]     Checking tokio v0.2.22
[INFO] [stderr]     Checking time-macros v0.1.0
[INFO] [stderr]     Checking pin-project v0.4.23
[INFO] [stderr]     Checking futures-util v0.3.5
[INFO] [stderr]     Checking tokio-util v0.3.1
[INFO] [stderr]     Checking tokio-tls v0.3.1
[INFO] [stderr]     Checking serde v1.0.115
[INFO] [stderr]     Checking h2 v0.2.6
[INFO] [stderr]     Checking futures-executor v0.3.5
[INFO] [stderr]     Checking futures v0.3.5
[INFO] [stderr]     Checking chrono v0.4.15
[INFO] [stderr]     Checking serde_json v1.0.57
[INFO] [stderr]     Checking hyper v0.13.7
[INFO] [stderr]     Checking rusoto_credential v0.45.0 (https://github.com/rusoto/rusoto#e54bc467)
[INFO] [stderr]     Checking hyper-tls v0.4.3
[INFO] [stderr]     Checking rusoto_signature v0.45.0 (https://github.com/rusoto/rusoto#e54bc467)
[INFO] [stderr]     Checking rusoto_ssm v0.45.0 (https://github.com/rusoto/rusoto#e54bc467)
[INFO] [stderr]     Checking rusoto_secretsmanager v0.45.0 (https://github.com/rusoto/rusoto#e54bc467)
[INFO] [stderr]     Checking cloudwrap v0.5.1 (/opt/rustwide/workdir)
[INFO] [stdout] error[E0599]: no method named `sync` found for struct `std::pin::Pin<std::boxed::Box<dyn std::future::Future<Output = std::result::Result<rusoto_secretsmanager::ListSecretsResponse, rusoto_core::RusotoError<rusoto_secretsmanager::ListSecretsError>>> + std::marker::Send>>` in the current scope
[INFO] [stdout]   --> src/secretsmanager.rs:35:52
[INFO] [stdout]    |
[INFO] [stdout] 35 |             let res = self.inner.list_secrets(req).sync()?;
[INFO] [stdout]    |                                                    ^^^^ method not found in `std::pin::Pin<std::boxed::Box<dyn std::future::Future<Output = std::result::Result<rusoto_secretsmanager::ListSecretsResponse, rusoto_core::RusotoError<rusoto_secretsmanager::ListSecretsError>>> + std::marker::Send>>`
[INFO] [stdout] 
[INFO] [stdout] 
[INFO] [stdout] error[E0609]: no field `deleted_date` on type `&_`
[INFO] [stdout]   --> src/secretsmanager.rs:44:39
[INFO] [stdout]    |
[INFO] [stdout] 44 |                         .filter(|s| s.deleted_date.is_none())
[INFO] [stdout]    |                                       ^^^^^^^^^^^^
[INFO] [stdout] 
[INFO] [stdout] 
[INFO] [stdout] error[E0599]: no method named `sync` found for struct `std::pin::Pin<std::boxed::Box<dyn std::future::Future<Output = std::result::Result<rusoto_secretsmanager::GetSecretValueResponse, rusoto_core::RusotoError<rusoto_secretsmanager::GetSecretValueError>>> + std::marker::Send>>` in the current scope
[INFO] [stdout]   --> src/secretsmanager.rs:69:60
[INFO] [stdout]    |
[INFO] [stdout] 69 |                 let res = self.inner.get_secret_value(req).sync()?;
[INFO] [stdout]    |                                                            ^^^^ method not found in `std::pin::Pin<std::boxed::Box<dyn std::future::Future<Output = std::result::Result<rusoto_secretsmanager::GetSecretValueResponse, rusoto_core::RusotoError<rusoto_secretsmanager::GetSecretValueError>>> + std::marker::Send>>`
[INFO] [stdout] 
[INFO] [stdout] 
[INFO] [stdout] error[E0599]: no method named `sync` found for struct `std::pin::Pin<std::boxed::Box<dyn std::future::Future<Output = std::result::Result<rusoto_secretsmanager::GetSecretValueResponse, rusoto_core::RusotoError<rusoto_secretsmanager::GetSecretValueError>>> + std::marker::Send>>` in the current scope
[INFO] [stdout]   --> src/secretsmanager.rs:86:56
[INFO] [stdout]    |
[INFO] [stdout] 86 |             let res = self.inner.get_secret_value(req).sync()?;
[INFO] [stdout]    |                                                        ^^^^ method not found in `std::pin::Pin<std::boxed::Box<dyn std::future::Future<Output = std::result::Result<rusoto_secretsmanager::GetSecretValueResponse, rusoto_core::RusotoError<rusoto_secretsmanager::GetSecretValueError>>> + std::marker::Send>>`
[INFO] [stdout] 
[INFO] [stdout] 
[INFO] [stdout] error[E0599]: no method named `sync` found for struct `std::pin::Pin<std::boxed::Box<dyn std::future::Future<Output = std::result::Result<rusoto_ssm::DescribeParametersResult, rusoto_core::RusotoError<rusoto_ssm::DescribeParametersError>>> + std::marker::Send>>` in the current scope
[INFO] [stdout]    --> src/ssm.rs:119:67
[INFO] [stdout]     |
[INFO] [stdout] 119 |             let res = self.inner.describe_parameters(req.clone()).sync()?;
[INFO] [stdout]     |                                                                   ^^^^ method not found in `std::pin::Pin<std::boxed::Box<dyn std::future::Future<Output = std::result::Result<rusoto_ssm::DescribeParametersResult, rusoto_core::RusotoError<rusoto_ssm::DescribeParametersError>>> + std::marker::Send>>`
[INFO] [stdout] 
[INFO] [stdout] 
[INFO] [stdout] error[E0599]: no method named `sync` found for struct `std::pin::Pin<std::boxed::Box<dyn std::future::Future<Output = std::result::Result<rusoto_ssm::GetParametersByPathResult, rusoto_core::RusotoError<rusoto_ssm::GetParametersByPathError>>> + std::marker::Send>>` in the current scope
[INFO] [stdout]    --> src/ssm.rs:144:70
[INFO] [stdout]     |
[INFO] [stdout] 144 |             let res = self.inner.get_parameters_by_path(req.clone()).sync()?;
[INFO] [stdout]     |                                                                      ^^^^ method not found in `std::pin::Pin<std::boxed::Box<dyn std::future::Future<Output = std::result::Result<rusoto_ssm::GetParametersByPathResult, rusoto_core::RusotoError<rusoto_ssm::GetParametersByPathError>>> + std::marker::Send>>`
[INFO] [stdout] 
[INFO] [stdout] 
[INFO] [stdout] error[E0599]: no method named `sync` found for struct `std::pin::Pin<std::boxed::Box<dyn std::future::Future<Output = std::result::Result<rusoto_secretsmanager::ListSecretsResponse, rusoto_core::RusotoError<rusoto_secretsmanager::ListSecretsError>>> + std::marker::Send>>` in the current scope
[INFO] [stdout]   --> src/secretsmanager.rs:35:52
[INFO] [stdout]    |
[INFO] [stdout] 35 |             let res = self.inner.list_secrets(req).sync()?;
[INFO] [stdout]    |                                                    ^^^^ method not found in `std::pin::Pin<std::boxed::Box<dyn std::future::Future<Output = std::result::Result<rusoto_secretsmanager::ListSecretsResponse, rusoto_core::RusotoError<rusoto_secretsmanager::ListSecretsError>>> + std::marker::Send>>`
[INFO] [stdout] 
[INFO] [stdout] 
[INFO] [stdout] error[E0609]: no field `deleted_date` on type `&_`
[INFO] [stdout]   --> src/secretsmanager.rs:44:39
[INFO] [stdout]    |
[INFO] [stdout] 44 |                         .filter(|s| s.deleted_date.is_none())
[INFO] [stdout]    |                                       ^^^^^^^^^^^^
[INFO] [stdout] 
[INFO] [stdout] 
[INFO] [stdout] error: aborting due to 6 previous errors
[INFO] [stdout] 
[INFO] [stdout] 
[INFO] [stdout] Some errors have detailed explanations: E0599, E0609.
[INFO] [stdout] 
[INFO] [stdout] For more information about an error, try `rustc --explain E0599`.
[INFO] [stdout] 
[INFO] [stdout] error[E0599]: no method named `sync` found for struct `std::pin::Pin<std::boxed::Box<dyn std::future::Future<Output = std::result::Result<rusoto_secretsmanager::GetSecretValueResponse, rusoto_core::RusotoError<rusoto_secretsmanager::GetSecretValueError>>> + std::marker::Send>>` in the current scope
[INFO] [stdout]   --> src/secretsmanager.rs:69:60
[INFO] [stdout]    |
[INFO] [stdout] 69 |                 let res = self.inner.get_secret_value(req).sync()?;
[INFO] [stdout]    |                                                            ^^^^ method not found in `std::pin::Pin<std::boxed::Box<dyn std::future::Future<Output = std::result::Result<rusoto_secretsmanager::GetSecretValueResponse, rusoto_core::RusotoError<rusoto_secretsmanager::GetSecretValueError>>> + std::marker::Send>>`
[INFO] [stdout] 
[INFO] [stdout] 
[INFO] [stdout] error[E0599]: no method named `sync` found for struct `std::pin::Pin<std::boxed::Box<dyn std::future::Future<Output = std::result::Result<rusoto_secretsmanager::GetSecretValueResponse, rusoto_core::RusotoError<rusoto_secretsmanager::GetSecretValueError>>> + std::marker::Send>>` in the current scope
[INFO] [stdout]   --> src/secretsmanager.rs:86:56
[INFO] [stdout]    |
[INFO] [stdout] 86 |             let res = self.inner.get_secret_value(req).sync()?;
[INFO] [stdout]    |                                                        ^^^^ method not found in `std::pin::Pin<std::boxed::Box<dyn std::future::Future<Output = std::result::Result<rusoto_secretsmanager::GetSecretValueResponse, rusoto_core::RusotoError<rusoto_secretsmanager::GetSecretValueError>>> + std::marker::Send>>`
[INFO] [stdout] 
[INFO] [stdout] 
[INFO] [stderr] error: could not compile `cloudwrap`.
[INFO] [stderr] 
[INFO] [stderr] To learn more, run the command again with --verbose.
[INFO] [stderr] warning: build failed, waiting for other jobs to finish...
[INFO] [stdout] error[E0599]: no method named `sync` found for struct `std::pin::Pin<std::boxed::Box<dyn std::future::Future<Output = std::result::Result<rusoto_ssm::DescribeParametersResult, rusoto_core::RusotoError<rusoto_ssm::DescribeParametersError>>> + std::marker::Send>>` in the current scope
[INFO] [stdout]    --> src/ssm.rs:119:67
[INFO] [stdout]     |
[INFO] [stdout] 119 |             let res = self.inner.describe_parameters(req.clone()).sync()?;
[INFO] [stdout]     |                                                                   ^^^^ method not found in `std::pin::Pin<std::boxed::Box<dyn std::future::Future<Output = std::result::Result<rusoto_ssm::DescribeParametersResult, rusoto_core::RusotoError<rusoto_ssm::DescribeParametersError>>> + std::marker::Send>>`
[INFO] [stdout] 
[INFO] [stdout] 
[INFO] [stdout] error[E0599]: no method named `sync` found for struct `std::pin::Pin<std::boxed::Box<dyn std::future::Future<Output = std::result::Result<rusoto_ssm::GetParametersByPathResult, rusoto_core::RusotoError<rusoto_ssm::GetParametersByPathError>>> + std::marker::Send>>` in the current scope
[INFO] [stdout]    --> src/ssm.rs:144:70
[INFO] [stdout]     |
[INFO] [stdout] 144 |             let res = self.inner.get_parameters_by_path(req.clone()).sync()?;
[INFO] [stdout]     |                                                                      ^^^^ method not found in `std::pin::Pin<std::boxed::Box<dyn std::future::Future<Output = std::result::Result<rusoto_ssm::GetParametersByPathResult, rusoto_core::RusotoError<rusoto_ssm::GetParametersByPathError>>> + std::marker::Send>>`
[INFO] [stdout] 
[INFO] [stdout] 
[INFO] [stdout] error: aborting due to 6 previous errors
[INFO] [stdout] 
[INFO] [stdout] 
[INFO] [stdout] Some errors have detailed explanations: E0599, E0609.
[INFO] [stdout] 
[INFO] [stdout] For more information about an error, try `rustc --explain E0599`.
[INFO] [stdout] 
[INFO] [stderr] error: build failed
[INFO] running `Command { std: "docker" "inspect" "3e5c86f02f029570dfd1ec2cb80866ff6238dbbe79e8e152c32503fcc2c4925d", kill_on_drop: false }`
[INFO] running `Command { std: "docker" "rm" "-f" "3e5c86f02f029570dfd1ec2cb80866ff6238dbbe79e8e152c32503fcc2c4925d", kill_on_drop: false }`
[INFO] [stdout] 3e5c86f02f029570dfd1ec2cb80866ff6238dbbe79e8e152c32503fcc2c4925d
